isor of 40809 and 1115?
223
What is the greatest common factor of 1565294 and 466?
466
What is the greatest common factor of 44191 and 826?
413
Calculate the greatest common divisor of 264469 and 47.
47
What is the highest common divisor of 32989 and 264?
11
What is the highest common factor of 1577906 and 187?
187
What is the highest common factor of 10 and 2033630?
10
What is the greatest common factor of 7294 and 70?
14
What is the greatest common factor of 162 and 673758?
162
Calculate the highest common divisor of 313177 and 2799.
311
Calculate the greatest common factor of 1138095 and 60.
15
Calculate the highest common divisor of 355911 and 93.
93
Calculate the highest common divisor of 115 and 121325.
115
What is the greatest common factor of 1920 and 36000?
480
What is the greatest common divisor of 44 and 3299?
1
What is the highest common factor of 209365 and 20?
5
What is the greatest common factor of 47437 and 203073?
533
Calculate the greatest common factor of 957860 and 4.
4
What is the highest common factor of 94254 and 2346?
138
What is the greatest common factor of 17110 and 28910?
590
What is the highest common divisor of 7334 and 11514?
38
What is the highest common factor of 259664 and 16?
16
What is the highest common factor of 22848 and 378?
42
What is the highest common factor of 393617 and 277?
277
What is the greatest common divisor of 8577 and 18?
9
What is the greatest common divisor of 3788 and 772?
4
Calculate the greatest common divisor of 48 and 5151840.
48
Calculate the greatest common divisor of 99 and 16749.
9
Calculate the greatest common divisor of 35 and 25390.
5
What is the highest common factor of 114825 and 600?
75
What is the highest common factor of 369 and 12751?
41
What is the greatest common divisor of 204 and 23766?
102
Calculate the highest common factor of 1691534 and 12727.
1157
What is the greatest common factor of 5 and 884095?
5
Calculate the greatest common factor of 1 and 139.
1
Calculate the greatest common factor of 6 and 16510.
2
What is the highest common divisor of 12717 and 18?
9
Calculate the highest common factor of 23033 and 20061.
743
What is the highest common factor of 35 and 126245?
35
Calculate the highest common factor of 432 and 70704.
144
What is the highest common divisor of 437 and 6693?
23
What is the highest common divisor of 2205 and 333?
9
Calculate the greatest common divisor of 33867 and 22152.
213
Calculate the highest common divisor of 854 and 53558.
122
What is the highest common factor of 1139 and 153?
17
Calculate the highest common factor of 10 and 77265.
5
Calculate the highest common factor of 18 and 87594.
6
Calculate the greatest common factor of 153 and 98991.
153
Calculate the greatest common divisor of 4638704 and 14.
14
What is the highest common divisor of 67 and 307597?
67
What is the highest common divisor of 48036 and 456?
12
What is the greatest common divisor of 13 and 1572766?
13
Calculate the highest common divisor of 1798 and 744.
62
Calculate the highest common divisor of 14453 and 298.
149
Calculate the highest common factor of 2905992 and 72.
72
What is the highest common factor of 129 and 3440?
43
What is the highest common factor of 1020530 and 9394?
854
What is the highest common factor of 62 and 998?
2
Calculate the highest common divisor of 1715389 and 13.
13
Calculate the greatest common factor of 108 and 3440016.
108
What is the highest common divisor of 25 and 454555?
5
Calculate the highest common factor of 709188 and 1808.
452
What is the greatest common factor of 6146 and 4312?
14
Calculate the greatest common divisor of 30321 and 351.
27
Calculate the greatest common factor of 53920 and 3680.
160
Calculate the highest common divisor of 9205 and 7735.
35
Calculate the greatest common factor of 128 and 19072.
128
Calculate the highest common divisor of 85 and 212755.
85
What is the highest common divisor of 1744772 and 333?
37
What is the greatest common factor of 3531 and 275?
11
Calculate the greatest common factor of 120944 and 32.
16
What is the highest common divisor of 622768 and 192?
16
What is the highest common divisor of 3552 and 1200?
48
Calculate the greatest common factor of 808 and 537118.
202
Calculate the highest common factor of 9163 and 164747.
187
Calculate the highest common factor of 2800 and 490.
70
What is the highest common factor of 20548 and 1056?
44
Calculate the highest common factor of 1539 and 821313.
513
What is the highest common factor of 68429 and 41?
41
What is the greatest common divisor of 85 and 192066?
17
What is the highest common divisor of 21248 and 1024?
256
Calculate the greatest common divisor of 8000383 and 823.
823
Calculate the greatest common divisor of 2805136 and 272.
272
Calculate the highest common divisor of 7480 and 494428.
748
What is the highest common divisor of 235178 and 34?
34
Calculate the greatest common divisor of 928 and 1200.
16
What is the greatest common factor of 89210 and 55?
55
Calculate the greatest common divisor of 1573 and 3757.
13
Calculate the greatest common factor of 458 and 1987949.
229
What is the greatest common factor of 26862 and 111?
111
What is the highest common divisor of 6811 and 6713?
49
What is the greatest common factor of 3717 and 284616?
531
What is the greatest common factor of 360148 and 3580?
716
What is the greatest common divisor of 351 and 93600?
117
Calculate the greatest common factor of 35912 and 41674.
134
What is the highest common factor of 23355 and 7155?
135
What is the highest common divisor of 330 and 2862915?
165
What is the highest common divisor of 52 and 64844?
52
Calculate the greatest common divisor of 24 and 181352.
8
Calculate the highest common factor of 67156 and 6592.
412
Calculate the greatest common factor of 5196 and 11904.
12
Calculate the greatest common factor of 5337 and 9.
9
Calculate the highest common divisor of 228431 and 7.
7
Calculate the highest common divisor of 145800 and 55.
5
What is the highest common divisor of 98 and 2228618?
98
What is the greatest common factor of 181114 and 1096?
274
What is the highest common divisor of 96863 and 325?
13
Calculate the highest common factor of 16 and 426416.
16
Calculate the greatest common factor of 1324 and 748.
4
Calculate the highest common divisor of 22900 and 14.
2
Calculate the greatest common divisor of 72 and 13554.
18
Calculate the greatest common divisor of 117 and 2677233.
39
What is the highest common factor of 714 and 3423?
21
Calculate the greatest common divisor of 292 and 2774146.
146
Calculate the greatest common factor of 195 and 145.
5
What is the greatest common factor of 2823584 and 32?
32
Calculate the highest common divisor of 303888 and 884.
52
What is the greatest common factor of 1872 and 13680?
144
What is the highest common divisor of 105610 and 1074?
358
What is the highest common divisor of 2128 and 608?
304
Calculate the greatest common factor of 40560 and 1840.
80
Calculate the highest common factor of 7215 and 2194803.
1443
Calculate the greatest common divisor of 32 and 18896.
16
What is the greatest common factor of 21 and 58065?
21
What is the highest common factor of 898599 and 39?
39
What is the highest common divisor of 3111 and 5559?
51
What is the greatest common divisor of 18 and 5502?
6
What is the highest common divisor of 852 and 1136?
284
Calculate the highest common factor of 273 and 651924.
273
What is the greatest common factor of 4490 and 1110?
10
Calculate the greatest common divisor of 15453 and 179469.
153
What is the highest common divisor of 832 and 54860?
52
What is the highest common factor of 737408 and 2688?
896
What is the highest common divisor of 1528 and 4432?
8
Calculate the highest common factor of 434 and 19406.
62
Calculate the highest common divisor of 185 and 1840343.
37
What is the greatest common factor of 6885 and 30?
15
Calculate the greatest common factor of 25050 and 11550.
150
Calculate the greatest common divisor of 45 and 155955.
15
What is the highest common divisor of 25 and 1354175?
25
What is the greatest common factor of 70420 and 658?
14
What is the highest common divisor of 418 and 81206?
38
Calculate the highest common factor of 49 and 11144.
7
What is the highest